
Suppose w - 631 = -10*w + 128. What is the remainder when 128 is divided by w?
59
Let o = 996 + -596. Suppose -13*q + o = 3*q. Calculate the remainder when 98 is divided by q.
23
Let v(r) = -3*r - 4. Let p(l) = -4*l**2 + 23*l + 3. Let m(w) = -w**2 + w. Let y(a) = -6*m(a) + p(a). What is the remainder when y(-9) is divided by v(-3)?
2
Suppose 116*m = 283147 + 209157. What is the remainder when m is divided by 36?
32
Let t = -47 - -52. Suppose t*p = 2*g - 0*g - 11, -3*p = -4*g + 15. Suppose -m = 4*k - 2*m - 163, 2*k - g*m = 79. What is the remainder when k is divided by 24?
17
Suppose -23*t + 28*t - 4*r = 669, 4*t - 556 = -2*r. Calculate the remainder when 970 is divided by t.
11
Let n(s) = -2*s**2 - 26*s - 31. Calculate the remainder when 3259 is divided by n(-11).
9
Let o(j) = 3*j + 90. Let t be o(-33). Calculate the remainder when 3 is divided by -18*t/27 - 4*1.
1
Let s(u) = -u**3 - 17*u**2 - 33*u - 1. Let n be s(-15). Suppose -3*a + 3*k = -33, -3*k - 2*k = 4*a - n. What is the remainder when 229 is divided by a?
9
Suppose 27*b - 397*b = -7400. What is the remainder when 108 is divided by b?
8
Let r = -31 - -21. Let u = r - -22. Calculate the remainder when (-102)/9*(-18)/u is divided by 5.
2
Calculate the remainder when 4739 is divided by -13 + 855/75 + 684/15 - -7.
47
Suppose d - 56 + 5 = 0. Suppose d = 5*m + 16. Suppose x + 3*z = -22, 114 = 3*x + 11285*z - 11288*z. Calculate the remainder when x is divided by m.
2
Let z = 7248 + -6447. Calculate the remainder when z is divided by 393.
15
Let k be (3/6)/((-1)/8) + 630. Let f = k + -490. What is the remainder when f is divided by 63?
10
Let w = 9870 - 9817. What is the remainder when 271 is divided by w?
6
Suppose 2*g + 14*s - 21 = 15*s, 6*g + 2*s - 98 = 0. What is the remainder when 247 is divided by g?
9
Let r(l) = 7*l + 7. Suppose -3*z = 3*d - z - 12, 11 = -2*d + 5*z. Suppose -n = n - 5*m - 122, 2*m - 122 = -d*n. What is the remainder when n is divided by r(2)?
19
Let o = 605 - 592. Suppose -o*m + 447 = -359. What is the remainder when 184 is divided by m?
60
Suppose -2*l = l - 2*l. Suppose 3*d - 632 = -l*d - 4*q, -5*d - 3*q + 1035 = 0. Suppose 0 = 13*t - 25*t + d. What is the remainder when t is divided by 5?
2
Suppose 219*i - 5*p - 972 = 216*i, 6 = p. Calculate the remainder when i is divided by 165.
4
Let h(w) = w**3 + 11*w**2 - 2. Let l be h(-8). Let x = l + -119. Let q = x + -69. What is the remainder when q is divided by 2?
0
Let z(h) = h**2 - 39*h - 2956. Calculate the remainder when z(80) is divided by 164.
160
Let j(a) = -a**2 + 59*a - 586. What is the remainder when 250 is divided by j(45)?
30
Suppose -85 = -3*q - 5*v, -13 = 2*q - 17*v + 14*v. Calculate the remainder when 0/1 - (-1 + -103) is divided by q.
4
Let q = 71 - 6. Calculate the remainder when 75 is divided by q.
10
Let h be (-2 + 4)/((-4)/(-8)). Suppose -h*z + y + 300 = 5*y, 0 = y. Suppose -2*m = -5*m + z. What is the remainder when 47 is divided by m?
22
Let p(t) = -t**3 - 26*t**2 - 43*t - 1059. Let u = 1 + 8. Calculate the remainder when p(-26) is divided by u.
5
Let o(c) = 28*c - 5. Let f be o(9). Let p(i) = f*i - 250*i + 4*i**2 + i**3 + 4 + i**2. Calculate the remainder when p(-5) is divided by 5.
4
Suppose 38*s - 35*s = 9. Suppose 5*f - 45 = -s*i - 5, -4*f + 45 = 5*i. Calculate the remainder when 18 is divided by i.
3
Suppose -17 = 3*a - 38. Suppose 3*c = -p + 151, -c + a*p + 57 = 4*p. Calculate the remainder when c is divided by (-6)/(-2 + (-12)/(-7)).
9
Suppose 3*k = 6*k - 6. Suppose -20 = k*g - 80. Let v = g + -23. What is the remainder when 26 is divided by v?
5
Let x(l) = 26067*l**3 - 26068*l**3 - 10*l**2 - 5 - 15 - 4*l. Calculate the remainder when 194 is divided by x(-10).
14
Suppose -2*a = -5*u - 207 - 30, -2*u + 549 = 5*a. Suppose 4*v - 145 - 32 = -5*j, 5*j = 2*v - a. What is the remainder when 186 is divided by v?
42
Suppose 1 = -5*u - 14. Let a be 3/(u/(1 - 4)). Suppose -a*o + 173 = -199. Calculate the remainder when o is divided by 42.
40
Suppose -4*l - 3 = -11. Suppose -l = 19*k - 192. What is the remainder when 25 is divided by k?
5
Suppose -5*w + 4*b + 25 = 0, -2 = -2*w - 4*b + 36. Let m = w + -5. Suppose 47 = 13*p + 89 - 341. What is the remainder when p is divided by m?
3
Suppose 8*l - 925 - 843 = 0. Calculate the remainder when 1521 is divided by l.
195
Let l(r) = 19*r - 245. Let j be l(13). Let m(i) = 3*i**2 + i + 1. Calculate the remainder when (-2 - 0) + 0 - -73 is divided by m(j).
11
Let a(s) = -s**3 - 5*s**2 - 4*s + 4. Let g be a(-3). Let h = -23 + 41. Calculate the remainder when h is divided by (g/(-10))/(3/75).
3
Let m = -4720 + 14739. What is the remainder when m is divided by 30?
29
Let b(q) = q**3 + 27*q**2 - 153*q - 21. Calculate the remainder when b(-31) is divided by 290.
8
Let u = 73 + 143. Let c = 16 - -10. Suppose -4*r = 4*n - u, -3*r + c = n - 26. What is the remainder when n is divided by 10?
5
Suppose -9*i = -0*i - 288. Suppose -y + 15 = 4*a - i, 5*a - 49 = -y. Calculate the remainder when 232 is divided by y.
37
Suppose -n = x + 121 - 123, 3*n - 4*x = -1. Let w(k) = 3*k**2 + 8*k - 6. What is the remainder when 18 is divided by w(n)?
3
Let p = 39237 - 35641. Calculate the remainder when p is divided by 171.
5
Suppose 2189 = 136*p - 1619. Calculate the remainder when 118 is divided by p.
6
Suppose 2*o + 9 = -r + 22, 4*r = 5*o + 26. Let g(v) be the first derivative of v**2 + 3*v + 5. What is the remainder when g(7) is divided by r?
8
Suppose 2*l = -3*q + 171, 2*q + 57 = 3*q + 2*l. Let u = 112 - q. What is the remainder when u is divided by 12?
7
Suppose 0*o - 4*o + 936 = 0. Suppose -3*b + 9*b = o. Suppose -b*m + 26 = -37*m. What is the remainder when 50 is divided by m?
11
Let f(a) = 761*a**3 + 3*a**2 - 3*a. Let v be f(1). Suppose q + q = 2*g - 306, -5*g + 3*q + v = 0. Calculate the remainder when g is divided by 49.
4
Suppose -7*c + 5312 = 15*c - 584. Calculate the remainder when c is divided by 144.
124
Suppose -7532*r - 12138 = -7546*r. Calculate the remainder when r is divided by 290.
287
Let f(d) = -d**3 + 28*d**2 - 28*d + 30. Suppose 4*w - 114 = 34. Calculate the remainder when w is divided by f(27).
1
Suppose -1428 = -70*w - 98. Calculate the remainder when 61 is divided by w.
4
Let f(b) = 4*b**3 - 12*b**2 - b - 28. What is the remainder when f(7) is divided by 182?
21
Suppose 0 = 11*s - 5*s - 96. What is the remainder when 94 is divided by (1/(-4)*-2)/(s/832)?
16
Let t(i) = 10*i + 27. Let q be t(-3). Let x be (q/5)/((-1)/(-15)). Calculate the remainder when 52 is divided by 15/2*(-24)/x.
12
Let p = 841 + -801. Suppose 3*v - 253 = 332. What is the remainder when v is divided by p?
35
Calculate the remainder when 3090 is divided by 1/(-2) - 166*(-407)/44.
20
Suppose -3*z + 4*h + 3465 = 0, 1167 = 3*z + 4*h - 2322. Calculate the remainder when z is divided by 194.
189
Let o = 7936 - 7709. What is the remainder when o is divided by 96?
35
Suppose -77*y = -80*y + v + 7208, -5*v - 12000 = -5*y. Calculate the remainder when y is divided by 171.
10
Let l = -19 - -26. Suppose 3*y - l*y = -132. Let g = y + 27. What is the remainder when g is divided by 21?
18
Let y(u) = u**3 + 5*u**2 - 10*u - 8. Let a be 8/((12/(-1))/6). What is the remainder when y(-6) is divided by -4*2/a - -5?
2
Suppose 0*k = -5*k + 65. Suppose -5*w + 5*u + 345 = 0, -6*u - 211 = -3*w - 4*u. Let q = w - 65. What is the remainder when k is divided by q?
5
Let f = -27 + 57. Suppose 5*u = f + 115. Let h(k) = k**3 - 13*k**2 + 22*k - 7. Calculate the remainder when h(12) is divided by u.
26
Let h = -68 + 78. Let l(g) = -207*g + 2. Let b be l(-3). Suppose b = -q + 8*q. Calculate the remainder when q is divided by h.
9
Suppose 2 + 16 = 2*a. Let r = 51 + -29. Calculate the remainder when r is divided by a.
4
Suppose 56*y - 50*y + 570 = 0. Calculate the remainder when 39 is divided by (-304)/y*(-2)/(12/(-45)).
15
Suppose -3*q + q - 5*s = -26, -3*s - 78 = -4*q. Calculate the remainder when 304 is divided by q.
16
Let h be 3/((-1)/8*-6). Let z be (-6768)/(-45) + -5 + 9/15. Suppose -u + 357 = 5*q - h*u, 2*q - z = 2*u. What is the remainder when q is divided by 24?
21
Suppose 10*z = 17 + 113. Suppose -3*q + 20 = 4*m, -15 = -4*q - 5*m + z. What is the remainder when q is divided by 8?
4
Calculate the remainder when 179 i